{"id":698,"date":"2024-09-24T19:54:34","date_gmt":"2024-09-24T22:54:34","guid":{"rendered":"https:\/\/w3master.com.br\/modelo02\/?post_type=product&#038;p=698"},"modified":"2024-09-24T20:38:15","modified_gmt":"2024-09-24T23:38:15","slug":"smart-tv-samsung-50-polegadas-4k-crystal-un50au7700gx-tv-4k-ultra-hd","status":"publish","type":"product","link":"https:\/\/w3master.com.br\/modelo02\/product\/smart-tv-samsung-50-polegadas-4k-crystal-un50au7700gx-tv-4k-ultra-hd\/","title":{"rendered":"Smart Tv Samsung 50 Polegadas 4K Crystal UN50AU7700GX &#8211; TV 4K Ultra HD"},"content":{"rendered":"<p>Smart TV LED 43\u201d Full HD Samsung LH43BET com HDR, Sistema Operacional Tizen, Wi-Fi, Dolby Digital Plus, HDMI e USB. Acesse suas m\u00fasicas, filmes, not\u00edcias, jogos e redes sociais tudo em uma \u00fanica tela, com o sistema operacional Tizen da Smart TV LED 43&#8243; Full HD Samsung.<\/p>\n","protected":false},"excerpt":{"rendered":"<p>Smart TV LED 43\u201d Full HD Samsung LH43BET com HDR, Sistema Operacional Tizen, Wi-Fi, Dolby Digital Plus, HDMI e USB. Acesse suas m\u00fasicas, filmes, not\u00edcias, jogos e redes sociais tudo em uma \u00fanica tela, com o sistema operacional Tizen da Smart TV LED 43&#8243; Full HD Samsung.<\/p>\n","protected":false},"featured_media":697,"comment_status":"open","ping_status":"closed","template":"","meta":[],"product_cat":[56],"product_tag":[],"class_list":{"0":"post-698","1":"product","2":"type-product","3":"status-publish","4":"has-post-thumbnail","6":"product_cat-tvs","8":"first","9":"instock","10":"sale","11":"shipping-taxable","12":"purchasable","13":"product-type-simple"},"_links":{"self":[{"href":"https:\/\/w3master.com.br\/modelo02\/wp-json\/wp\/v2\/product\/698"}],"collection":[{"href":"https:\/\/w3master.com.br\/modelo02\/wp-json\/wp\/v2\/product"}],"about":[{"href":"https:\/\/w3master.com.br\/modelo02\/wp-json\/wp\/v2\/types\/product"}],"replies":[{"embeddable":true,"href":"https:\/\/w3master.com.br\/modelo02\/wp-json\/wp\/v2\/comments?post=698"}],"wp:featuredmedia":[{"embeddable":true,"href":"https:\/\/w3master.com.br\/modelo02\/wp-json\/wp\/v2\/media\/697"}],"wp:attachment":[{"href":"https:\/\/w3master.com.br\/modelo02\/wp-json\/wp\/v2\/media?parent=698"}],"wp:term":[{"taxonomy":"product_cat","embeddable":true,"href":"https:\/\/w3master.com.br\/modelo02\/wp-json\/wp\/v2\/product_cat?post=698"},{"taxonomy":"product_tag","embeddable":true,"href":"https:\/\/w3master.com.br\/modelo02\/wp-json\/wp\/v2\/product_tag?post=698"}],"curies":[{"name":"wp","href":"https:\/\/api.w.org\/{rel}","templated":true}]}}