{"id":718,"date":"2024-09-24T20:34:02","date_gmt":"2024-09-24T23:34:02","guid":{"rendered":"https:\/\/w3master.com.br\/modelo02\/?post_type=product&#038;p=718"},"modified":"2024-09-24T20:46:25","modified_gmt":"2024-09-24T23:46:25","slug":"relogio-smartwatch-ultra-iw8-pro-max-nfc","status":"publish","type":"product","link":"https:\/\/w3master.com.br\/modelo02\/product\/relogio-smartwatch-ultra-iw8-pro-max-nfc\/","title":{"rendered":"Rel\u00f3gio SmartWatch Ultra IW8 Pro Max NFC"},"content":{"rendered":"","protected":false},"excerpt":{"rendered":"<p>O rel\u00f3gio inteligente Amazfit GTS 4 Mini suporta 5 sistemas de posicionamento por sat\u00e9lite para ajud\u00e1-lo a tirar o m\u00e1ximo proveito de suas viagens ao ar livre e usa a tecnologia de antena polarizada circular para melhorar o desempenho e a precis\u00e3o do posicionamento.<\/p>\n","protected":false},"featured_media":719,"comment_status":"open","ping_status":"closed","template":"","meta":[],"product_cat":[58],"product_tag":[],"class_list":{"0":"post-718","1":"product","2":"type-product","3":"status-publish","4":"has-post-thumbnail","6":"product_cat-smartwatch","8":"first","9":"instock","10":"sale","11":"shipping-taxable","12":"purchasable","13":"product-type-simple"},"_links":{"self":[{"href":"https:\/\/w3master.com.br\/modelo02\/wp-json\/wp\/v2\/product\/718"}],"collection":[{"href":"https:\/\/w3master.com.br\/modelo02\/wp-json\/wp\/v2\/product"}],"about":[{"href":"https:\/\/w3master.com.br\/modelo02\/wp-json\/wp\/v2\/types\/product"}],"replies":[{"embeddable":true,"href":"https:\/\/w3master.com.br\/modelo02\/wp-json\/wp\/v2\/comments?post=718"}],"wp:featuredmedia":[{"embeddable":true,"href":"https:\/\/w3master.com.br\/modelo02\/wp-json\/wp\/v2\/media\/719"}],"wp:attachment":[{"href":"https:\/\/w3master.com.br\/modelo02\/wp-json\/wp\/v2\/media?parent=718"}],"wp:term":[{"taxonomy":"product_cat","embeddable":true,"href":"https:\/\/w3master.com.br\/modelo02\/wp-json\/wp\/v2\/product_cat?post=718"},{"taxonomy":"product_tag","embeddable":true,"href":"https:\/\/w3master.com.br\/modelo02\/wp-json\/wp\/v2\/product_tag?post=718"}],"curies":[{"name":"wp","href":"https:\/\/api.w.org\/{rel}","templated":true}]}}