{"id":747,"date":"2024-09-24T21:08:54","date_gmt":"2024-09-25T00:08:54","guid":{"rendered":"https:\/\/w3master.com.br\/modelo02\/?post_type=product&#038;p=747"},"modified":"2024-09-24T21:09:42","modified_gmt":"2024-09-25T00:09:42","slug":"tablet-samsung-tab-s6-lite-wi-fi-64gb-android-10-octa-core","status":"publish","type":"product","link":"https:\/\/w3master.com.br\/modelo02\/product\/tablet-samsung-tab-s6-lite-wi-fi-64gb-android-10-octa-core\/","title":{"rendered":"Tablet samsung tab s6 lite wi fi 64gb android 10 octa core"},"content":{"rendered":"","protected":false},"excerpt":{"rendered":"<p>Com a S Pen inclusa, o Tab S6 Lite permite uma maior efici\u00eancia nas anota\u00e7\u00f5es, cria\u00e7\u00e3o de conte\u00fado de alta qualidade e ainda auxilia nas tarefas cotidianas! Conectada \u00e0 lateral do Tab S6 Lite ou na capa protetora por magnetismo, voc\u00ea n\u00e3o precisar\u00e1 se preocupar de perder sua S Pen, que estar\u00e1 sempre ao seu alcan\u00e7e quando precisar!<\/p>\n","protected":false},"featured_media":748,"comment_status":"open","ping_status":"closed","template":"","meta":[],"product_cat":[60],"product_tag":[],"class_list":{"0":"post-747","1":"product","2":"type-product","3":"status-publish","4":"has-post-thumbnail","6":"product_cat-tablets","8":"first","9":"instock","10":"shipping-taxable","11":"purchasable","12":"product-type-simple"},"_links":{"self":[{"href":"https:\/\/w3master.com.br\/modelo02\/wp-json\/wp\/v2\/product\/747"}],"collection":[{"href":"https:\/\/w3master.com.br\/modelo02\/wp-json\/wp\/v2\/product"}],"about":[{"href":"https:\/\/w3master.com.br\/modelo02\/wp-json\/wp\/v2\/types\/product"}],"replies":[{"embeddable":true,"href":"https:\/\/w3master.com.br\/modelo02\/wp-json\/wp\/v2\/comments?post=747"}],"wp:featuredmedia":[{"embeddable":true,"href":"https:\/\/w3master.com.br\/modelo02\/wp-json\/wp\/v2\/media\/748"}],"wp:attachment":[{"href":"https:\/\/w3master.com.br\/modelo02\/wp-json\/wp\/v2\/media?parent=747"}],"wp:term":[{"taxonomy":"product_cat","embeddable":true,"href":"https:\/\/w3master.com.br\/modelo02\/wp-json\/wp\/v2\/product_cat?post=747"},{"taxonomy":"product_tag","embeddable":true,"href":"https:\/\/w3master.com.br\/modelo02\/wp-json\/wp\/v2\/product_tag?post=747"}],"curies":[{"name":"wp","href":"https:\/\/api.w.org\/{rel}","templated":true}]}}