{"id":760,"date":"2024-09-30T13:50:13","date_gmt":"2024-09-30T16:50:13","guid":{"rendered":"https:\/\/w3master.com.br\/modelo03\/?post_type=product&#038;p=760"},"modified":"2024-09-30T13:51:08","modified_gmt":"2024-09-30T16:51:08","slug":"conjunto-tododia-ameixa-e-flor-de-baunilha","status":"publish","type":"product","link":"https:\/\/w3master.com.br\/modelo03\/product\/conjunto-tododia-ameixa-e-flor-de-baunilha\/","title":{"rendered":"Conjunto Tododia Ameixa e Flor de Baunilha"},"content":{"rendered":"<div class=\"MuiBox-root natds149 natds45 natds148\">\n<div class=\"MuiBox-root natds149 natds45 natds148\">\n<p class=\"MuiTypography-root natds132 MuiTypography-h4 MuiTypography-colorTextPrimary\">Conjunto Tododia Ameixa e Flor de Baunilha<\/p>\n<div class=\"MuiBox-root natds164 natds60 natds163\">\n<p class=\"MuiTypography-root natds162 MuiTypography-h1 MuiTypography-colorTextPrimary MuiTypography-alignLeft\">Um conjunto com fragr\u00e2ncia aut\u00eantica e atraente, para deixar sua pele hidratada e perfumada.<\/p>\n<\/div>\n<p class=\"MuiTypography-root natds165 natds166 MuiTypography-body1 MuiTypography-colorTextPrimary MuiTypography-alignLeft\">Sinta seu corpo hidratado com o Creme Nutritivo Desdorante e, perfumado, com Body Splash Desodorante Col\u00f4nia da linha Tododia Ameixa e Flor de Baunilha! Um conjunto que une a Nutri\u00e7\u00e3o Prebi\u00f3tica do Creme Nutritivo \u00e0 perfuma\u00e7\u00e3o leve e refrescante de fragr\u00e2ncia adocicada e equilibrada do Body Splash. Conte\u00fado do conjunto: 1 Creme Desodorante Nutritivo para o Corpo Tododia Ameixa e Flor de Baunilha, 400 ml + 1 Tododia Ameixa e Flor de Baunilha Body Splash Desodorante Col\u00f4nia Feminino, 200 ml<\/p>\n<\/div>\n<\/div>\n","protected":false},"excerpt":{"rendered":"<p>Conjunto Tododia Ameixa e Flor de Baunilha Um conjunto com fragr\u00e2ncia aut\u00eantica e atraente, para deixar sua pele hidratada e perfumada. Sinta seu corpo hidratado com o Creme Nutritivo Desdorante e, perfumado, com Body Splash Desodorante Col\u00f4nia da linha Tododia Ameixa e Flor de Baunilha! Um conjunto que une a Nutri\u00e7\u00e3o Prebi\u00f3tica do Creme Nutritivo [&hellip;]<\/p>\n","protected":false},"featured_media":761,"comment_status":"open","ping_status":"closed","template":"","meta":[],"product_cat":[60],"product_tag":[],"class_list":{"0":"post-760","1":"product","2":"type-product","3":"status-publish","4":"has-post-thumbnail","6":"product_cat-corporal","8":"first","9":"instock","10":"sale","11":"shipping-taxable","12":"purchasable","13":"product-type-simple"},"_links":{"self":[{"href":"https:\/\/w3master.com.br\/modelo03\/wp-json\/wp\/v2\/product\/760"}],"collection":[{"href":"https:\/\/w3master.com.br\/modelo03\/wp-json\/wp\/v2\/product"}],"about":[{"href":"https:\/\/w3master.com.br\/modelo03\/wp-json\/wp\/v2\/types\/product"}],"replies":[{"embeddable":true,"href":"https:\/\/w3master.com.br\/modelo03\/wp-json\/wp\/v2\/comments?post=760"}],"wp:featuredmedia":[{"embeddable":true,"href":"https:\/\/w3master.com.br\/modelo03\/wp-json\/wp\/v2\/media\/761"}],"wp:attachment":[{"href":"https:\/\/w3master.com.br\/modelo03\/wp-json\/wp\/v2\/media?parent=760"}],"wp:term":[{"taxonomy":"product_cat","embeddable":true,"href":"https:\/\/w3master.com.br\/modelo03\/wp-json\/wp\/v2\/product_cat?post=760"},{"taxonomy":"product_tag","embeddable":true,"href":"https:\/\/w3master.com.br\/modelo03\/wp-json\/wp\/v2\/product_tag?post=760"}],"curies":[{"name":"wp","href":"https:\/\/api.w.org\/{rel}","templated":true}]}}