{"id":701,"date":"2024-10-02T17:56:52","date_gmt":"2024-10-02T20:56:52","guid":{"rendered":"https:\/\/w3master.com.br\/modelo05\/?post_type=product&#038;p=701"},"modified":"2024-10-02T18:38:20","modified_gmt":"2024-10-02T21:38:20","slug":"legging-growth-g-marrom-russet","status":"publish","type":"product","link":"https:\/\/w3master.com.br\/modelo05\/product\/legging-growth-g-marrom-russet\/","title":{"rendered":"Legging Growth G &#8211; Marrom russet"},"content":{"rendered":"<p>ROUPAS DE TREINO GROWTH SUPPLEMENTS<\/p>\n<section class=\"blocks blocks-padding__default block-1\" data-v-49494e2c=\"\">\n<div class=\"container-fluid\" data-v-49494e2c=\"\">\n<div class=\"custom-row animate active\" data-v-49494e2c=\"\">\n<div class=\"col-12\" data-v-49494e2c=\"\">\n<div class=\"text-wrapper\" data-v-49494e2c=\"\">\n<p class=\"m-0 text-center text-lg-start\" data-v-49494e2c=\"\">A Growth inova mais uma vez e traz at\u00e9 voc\u00ea uma cole\u00e7\u00e3o de roupas de treino femininas com alta tecnologia, qualidade e variedade de op\u00e7\u00f5es. Tudo isso para agregar mais personalidade, estilo e efic\u00e1cia aos seus treinos, favorecendo tamb\u00e9m um melhor rendimento nos exerc\u00edcios.<\/p>\n<\/div>\n<\/div>\n<\/div>\n<\/div>\n<\/section>\n<section class=\"blocks blocks-padding__none block-2 animate active\" data-v-49494e2c=\"\">\n<div class=\"container-fluid\" data-v-49494e2c=\"\">\n<div class=\"custom-row b-radius py-3 px-4 position-relative justify-content-evenly\" data-v-49494e2c=\"\">\n<div class=\"col-12 attributes col-lg-3\" data-v-49494e2c=\"\"><\/div>\n<\/div>\n<\/div>\n<\/section>\n","protected":false},"excerpt":{"rendered":"<p>ROUPAS DE TREINO GROWTH SUPPLEMENTS A Growth inova mais uma vez e traz at\u00e9 voc\u00ea uma cole\u00e7\u00e3o de roupas de treino femininas com alta tecnologia, qualidade e variedade de op\u00e7\u00f5es. Tudo isso para agregar mais personalidade, estilo e efic\u00e1cia aos seus treinos, favorecendo tamb\u00e9m um melhor rendimento nos exerc\u00edcios.<\/p>\n","protected":false},"featured_media":702,"comment_status":"open","ping_status":"closed","template":"","meta":[],"product_cat":[56],"product_tag":[],"class_list":{"0":"post-701","1":"product","2":"type-product","3":"status-publish","4":"has-post-thumbnail","6":"product_cat-roupas-e-acessorios","8":"first","9":"instock","10":"shipping-taxable","11":"purchasable","12":"product-type-simple"},"_links":{"self":[{"href":"https:\/\/w3master.com.br\/modelo05\/wp-json\/wp\/v2\/product\/701"}],"collection":[{"href":"https:\/\/w3master.com.br\/modelo05\/wp-json\/wp\/v2\/product"}],"about":[{"href":"https:\/\/w3master.com.br\/modelo05\/wp-json\/wp\/v2\/types\/product"}],"replies":[{"embeddable":true,"href":"https:\/\/w3master.com.br\/modelo05\/wp-json\/wp\/v2\/comments?post=701"}],"wp:featuredmedia":[{"embeddable":true,"href":"https:\/\/w3master.com.br\/modelo05\/wp-json\/wp\/v2\/media\/702"}],"wp:attachment":[{"href":"https:\/\/w3master.com.br\/modelo05\/wp-json\/wp\/v2\/media?parent=701"}],"wp:term":[{"taxonomy":"product_cat","embeddable":true,"href":"https:\/\/w3master.com.br\/modelo05\/wp-json\/wp\/v2\/product_cat?post=701"},{"taxonomy":"product_tag","embeddable":true,"href":"https:\/\/w3master.com.br\/modelo05\/wp-json\/wp\/v2\/product_tag?post=701"}],"curies":[{"name":"wp","href":"https:\/\/api.w.org\/{rel}","templated":true}]}}