{"id":730,"date":"2024-10-02T19:20:35","date_gmt":"2024-10-02T22:20:35","guid":{"rendered":"https:\/\/w3master.com.br\/modelo05\/?post_type=product&#038;p=730"},"modified":"2024-10-02T19:32:02","modified_gmt":"2024-10-02T22:32:02","slug":"pre-treino-haze-hardcore-300g","status":"publish","type":"product","link":"https:\/\/w3master.com.br\/modelo05\/product\/pre-treino-haze-hardcore-300g\/","title":{"rendered":"Pr\u00e9-Treino Haze Hardcore 300g"},"content":{"rendered":"<p>Neste momento precisamos de algo que promova uma mudan\u00e7a. Uma mudan\u00e7a no n\u00edvel de energia e disposi\u00e7\u00e3o para conseguirmos ir al\u00e9m.<\/p>\n<p>Com os nutrientes do HAZE voc\u00ea cria no seu corpo um ambiente metab\u00f3lico favor\u00e1vel para suportar aquele treino com mais volume e intensidade.<\/p>\n","protected":false},"excerpt":{"rendered":"<p>Neste momento precisamos de algo que promova uma mudan\u00e7a. Uma mudan\u00e7a no n\u00edvel de energia e disposi\u00e7\u00e3o para conseguirmos ir al\u00e9m. Com os nutrientes do HAZE voc\u00ea cria no seu corpo um ambiente metab\u00f3lico favor\u00e1vel para suportar aquele treino com mais volume e intensidade.<\/p>\n","protected":false},"featured_media":738,"comment_status":"open","ping_status":"closed","template":"","meta":[],"product_cat":[58],"product_tag":[],"class_list":{"0":"post-730","1":"product","2":"type-product","3":"status-publish","4":"has-post-thumbnail","6":"product_cat-pre-treinos","8":"first","9":"instock","10":"sale","11":"shipping-taxable","12":"purchasable","13":"product-type-simple"},"_links":{"self":[{"href":"https:\/\/w3master.com.br\/modelo05\/wp-json\/wp\/v2\/product\/730"}],"collection":[{"href":"https:\/\/w3master.com.br\/modelo05\/wp-json\/wp\/v2\/product"}],"about":[{"href":"https:\/\/w3master.com.br\/modelo05\/wp-json\/wp\/v2\/types\/product"}],"replies":[{"embeddable":true,"href":"https:\/\/w3master.com.br\/modelo05\/wp-json\/wp\/v2\/comments?post=730"}],"wp:featuredmedia":[{"embeddable":true,"href":"https:\/\/w3master.com.br\/modelo05\/wp-json\/wp\/v2\/media\/738"}],"wp:attachment":[{"href":"https:\/\/w3master.com.br\/modelo05\/wp-json\/wp\/v2\/media?parent=730"}],"wp:term":[{"taxonomy":"product_cat","embeddable":true,"href":"https:\/\/w3master.com.br\/modelo05\/wp-json\/wp\/v2\/product_cat?post=730"},{"taxonomy":"product_tag","embeddable":true,"href":"https:\/\/w3master.com.br\/modelo05\/wp-json\/wp\/v2\/product_tag?post=730"}],"curies":[{"name":"wp","href":"https:\/\/api.w.org\/{rel}","templated":true}]}}