{"id":751,"date":"2024-10-02T20:34:06","date_gmt":"2024-10-02T23:34:06","guid":{"rendered":"https:\/\/w3master.com.br\/modelo05\/?post_type=product&#038;p=751"},"modified":"2024-10-02T20:46:24","modified_gmt":"2024-10-02T23:46:24","slug":"whey-protein-concentrado-1kg","status":"publish","type":"product","link":"https:\/\/w3master.com.br\/modelo05\/product\/whey-protein-concentrado-1kg\/","title":{"rendered":"Whey Protein Concentrado (1KG)"},"content":{"rendered":"<section class=\"sobre-1\">\n<div class=\"weContainer align-justify align-middle\">\n<div class=\"weContainer-autoCol12 beneficios-wrapper-col\">\n<div class=\"sobre-1-desc\">\n<div class=\"row\">\n<p class=\"sobre-1-text2\">Whey Protein concentrado da Growth \u00e9 a fonte de prote\u00ednas mais anab\u00f3lica dispon\u00edvel no mercado<\/p>\n<\/div>\n<\/div>\n<\/div>\n<\/div>\n<\/section>\n<section class=\"sobre-2 section-sobre\">\n<div class=\"row\">\n<div class=\"weContainer\">\n<div class=\"weContainer-autoCol12|deskAutoCol6 align-middle sobre-2-margin\">\n<div>\n<ul>\n<li><span class=\"sobre-2-text\">As prote\u00ednas auxiliam na forma\u00e7\u00e3o dos m\u00fasculos e ossos.<\/span><\/li>\n<li><span class=\"sobre-2-text\">Alta quantidade de prote\u00ednas com baixo valor de calorias.<\/span><\/li>\n<li><span class=\"sobre-2-text\">Alcance suas metas para consumo de prote\u00ednas de forma f\u00e1cil e pr\u00e1tica.<\/span><\/li>\n<li><span class=\"sobre-2-text\">Pode ser usado em dietas de aumento de massa muscular.<\/span><\/li>\n<li><span class=\"sobre-2-text\">Bem recomendado para dietas de defini\u00e7\u00e3o.<\/span><\/li>\n<\/ul>\n<\/div>\n<\/div>\n<\/div>\n<\/div>\n<\/section>\n","protected":false},"excerpt":{"rendered":"<p>Whey Protein concentrado da Growth \u00e9 a fonte de prote\u00ednas mais anab\u00f3lica dispon\u00edvel no mercado As prote\u00ednas auxiliam na forma\u00e7\u00e3o dos m\u00fasculos e ossos. Alta quantidade de prote\u00ednas com baixo valor de calorias. Alcance suas metas para consumo de prote\u00ednas de forma f\u00e1cil e pr\u00e1tica. Pode ser usado em dietas de aumento de massa muscular. [&hellip;]<\/p>\n","protected":false},"featured_media":753,"comment_status":"open","ping_status":"closed","template":"","meta":[],"product_cat":[60],"product_tag":[],"class_list":{"0":"post-751","1":"product","2":"type-product","3":"status-publish","4":"has-post-thumbnail","6":"product_cat-whey-protein","8":"first","9":"instock","10":"sale","11":"shipping-taxable","12":"purchasable","13":"product-type-simple"},"_links":{"self":[{"href":"https:\/\/w3master.com.br\/modelo05\/wp-json\/wp\/v2\/product\/751"}],"collection":[{"href":"https:\/\/w3master.com.br\/modelo05\/wp-json\/wp\/v2\/product"}],"about":[{"href":"https:\/\/w3master.com.br\/modelo05\/wp-json\/wp\/v2\/types\/product"}],"replies":[{"embeddable":true,"href":"https:\/\/w3master.com.br\/modelo05\/wp-json\/wp\/v2\/comments?post=751"}],"wp:featuredmedia":[{"embeddable":true,"href":"https:\/\/w3master.com.br\/modelo05\/wp-json\/wp\/v2\/media\/753"}],"wp:attachment":[{"href":"https:\/\/w3master.com.br\/modelo05\/wp-json\/wp\/v2\/media?parent=751"}],"wp:term":[{"taxonomy":"product_cat","embeddable":true,"href":"https:\/\/w3master.com.br\/modelo05\/wp-json\/wp\/v2\/product_cat?post=751"},{"taxonomy":"product_tag","embeddable":true,"href":"https:\/\/w3master.com.br\/modelo05\/wp-json\/wp\/v2\/product_tag?post=751"}],"curies":[{"name":"wp","href":"https:\/\/api.w.org\/{rel}","templated":true}]}}