{"id":707,"date":"2024-10-07T19:13:35","date_gmt":"2024-10-07T22:13:35","guid":{"rendered":"https:\/\/w3master.com.br\/modelo06\/?post_type=product&#038;p=707"},"modified":"2024-10-07T19:49:33","modified_gmt":"2024-10-07T22:49:33","slug":"brinquedo-pelucia-halteres-chalesco","status":"publish","type":"product","link":"https:\/\/w3master.com.br\/modelo06\/product\/brinquedo-pelucia-halteres-chalesco\/","title":{"rendered":"Brinquedo Pel\u00facia Halteres Chalesco"},"content":{"rendered":"<p class=\"tudodebicho-store-theme-6-x-infos-pdp-title\">Informa\u00e7\u00f5es importantes<\/p>\n<div class=\"tudodebicho-store-theme-6-x-infos-pdp-content\">\n<ul>\n<li>Divertido e atrativo<\/li>\n<li>Estimula o instinto de ca\u00e7a e brincadeira<\/li>\n<li>Textura suave e agrad\u00e1vel ao toque<\/li>\n<li>Sem partes pequenas que possam ser engolidas<\/li>\n<li>Design em forma de halteres<\/li>\n<li>Auxilia no exerc\u00edcio f\u00edsico do pet<\/li>\n<li>Reduz o t\u00e9dio e comportamentos indesejados<\/li>\n<li>Proporciona momentos de intera\u00e7\u00e3o e divers\u00e3o<\/li>\n<\/ul>\n<\/div>\n","protected":false},"excerpt":{"rendered":"<p>Informa\u00e7\u00f5es importantes Divertido e atrativo Estimula o instinto de ca\u00e7a e brincadeira Textura suave e agrad\u00e1vel ao toque Sem partes pequenas que possam ser engolidas Design em forma de halteres Auxilia no exerc\u00edcio f\u00edsico do pet Reduz o t\u00e9dio e comportamentos indesejados Proporciona momentos de intera\u00e7\u00e3o e divers\u00e3o<\/p>\n","protected":false},"featured_media":708,"comment_status":"open","ping_status":"closed","template":"","meta":[],"product_cat":[58,56],"product_tag":[],"class_list":{"0":"post-707","1":"product","2":"type-product","3":"status-publish","4":"has-post-thumbnail","6":"product_cat-brinquedos","7":"product_cat-cachorros","9":"first","10":"instock","11":"sale","12":"shipping-taxable","13":"purchasable","14":"product-type-simple"},"_links":{"self":[{"href":"https:\/\/w3master.com.br\/modelo06\/wp-json\/wp\/v2\/product\/707"}],"collection":[{"href":"https:\/\/w3master.com.br\/modelo06\/wp-json\/wp\/v2\/product"}],"about":[{"href":"https:\/\/w3master.com.br\/modelo06\/wp-json\/wp\/v2\/types\/product"}],"replies":[{"embeddable":true,"href":"https:\/\/w3master.com.br\/modelo06\/wp-json\/wp\/v2\/comments?post=707"}],"wp:featuredmedia":[{"embeddable":true,"href":"https:\/\/w3master.com.br\/modelo06\/wp-json\/wp\/v2\/media\/708"}],"wp:attachment":[{"href":"https:\/\/w3master.com.br\/modelo06\/wp-json\/wp\/v2\/media?parent=707"}],"wp:term":[{"taxonomy":"product_cat","embeddable":true,"href":"https:\/\/w3master.com.br\/modelo06\/wp-json\/wp\/v2\/product_cat?post=707"},{"taxonomy":"product_tag","embeddable":true,"href":"https:\/\/w3master.com.br\/modelo06\/wp-json\/wp\/v2\/product_tag?post=707"}],"curies":[{"name":"wp","href":"https:\/\/api.w.org\/{rel}","templated":true}]}}