{"id":742,"date":"2024-10-07T20:16:06","date_gmt":"2024-10-07T23:16:06","guid":{"rendered":"https:\/\/w3master.com.br\/modelo06\/?post_type=product&#038;p=742"},"modified":"2024-10-07T20:18:18","modified_gmt":"2024-10-07T23:18:18","slug":"caixa-de-transporte-furacao-pet-joy-preta-para-caes-e-gatos","status":"publish","type":"product","link":"https:\/\/w3master.com.br\/modelo06\/product\/caixa-de-transporte-furacao-pet-joy-preta-para-caes-e-gatos\/","title":{"rendered":"Caixa de Transporte Furac\u00e3o Pet Joy Preta para C\u00e3es e Gatos"},"content":{"rendered":"<p class=\"section-title\">\u00a0Indicada para c\u00e3es e gatos;<\/p>\n<p class=\"section-title\">&#8211; N\u00e3o tem parafusos ou outros objetos perfurantes;<br \/>\n&#8211; \u00c9 f\u00e1cil montagem;<br \/>\n&#8211; Super-resistente, higi\u00eanica e f\u00e1cil de lavar;<br \/>\n&#8211; Com abertura perfeita da porta para que n\u00e3o machuque seu pet na hora de coloc\u00e1-lo ou tir\u00e1-lo;<br \/>\n&#8211; Tamb\u00e9m possui uma al\u00e7a para transportar com maior facilidade e comodidade;<br \/>\n&#8211; \u00c9 composta por uma base, um teto, uma porta e quatro travas laterais;<br \/>\n&#8211; Contem trava para fechamento e abertura da porta;<br \/>\n&#8211; Em embalagem com 1 unidade;<br \/>\n&#8211; Dispon\u00edvel nos tamanhos 1 e 2.<\/p>\n","protected":false},"excerpt":{"rendered":"<p>\u00a0Indicada para c\u00e3es e gatos; &#8211; N\u00e3o tem parafusos ou outros objetos perfurantes; &#8211; \u00c9 f\u00e1cil montagem; &#8211; Super-resistente, higi\u00eanica e f\u00e1cil de lavar; &#8211; Com abertura perfeita da porta para que n\u00e3o machuque seu pet na hora de coloc\u00e1-lo ou tir\u00e1-lo; &#8211; Tamb\u00e9m possui uma al\u00e7a para transportar com maior facilidade e comodidade; &#8211; [&hellip;]<\/p>\n","protected":false},"featured_media":743,"comment_status":"open","ping_status":"closed","template":"","meta":[],"product_cat":[62,65],"product_tag":[],"class_list":{"0":"post-742","1":"product","2":"type-product","3":"status-publish","4":"has-post-thumbnail","6":"product_cat-gatos","7":"product_cat-produtos-para-passeios-gatos","9":"first","10":"instock","11":"shipping-taxable","12":"purchasable","13":"product-type-simple"},"_links":{"self":[{"href":"https:\/\/w3master.com.br\/modelo06\/wp-json\/wp\/v2\/product\/742"}],"collection":[{"href":"https:\/\/w3master.com.br\/modelo06\/wp-json\/wp\/v2\/product"}],"about":[{"href":"https:\/\/w3master.com.br\/modelo06\/wp-json\/wp\/v2\/types\/product"}],"replies":[{"embeddable":true,"href":"https:\/\/w3master.com.br\/modelo06\/wp-json\/wp\/v2\/comments?post=742"}],"wp:featuredmedia":[{"embeddable":true,"href":"https:\/\/w3master.com.br\/modelo06\/wp-json\/wp\/v2\/media\/743"}],"wp:attachment":[{"href":"https:\/\/w3master.com.br\/modelo06\/wp-json\/wp\/v2\/media?parent=742"}],"wp:term":[{"taxonomy":"product_cat","embeddable":true,"href":"https:\/\/w3master.com.br\/modelo06\/wp-json\/wp\/v2\/product_cat?post=742"},{"taxonomy":"product_tag","embeddable":true,"href":"https:\/\/w3master.com.br\/modelo06\/wp-json\/wp\/v2\/product_tag?post=742"}],"curies":[{"name":"wp","href":"https:\/\/api.w.org\/{rel}","templated":true}]}}