{"id":797,"date":"2024-10-08T15:39:58","date_gmt":"2024-10-08T18:39:58","guid":{"rendered":"https:\/\/w3master.com.br\/modelo06\/?post_type=product&#038;p=797"},"modified":"2024-10-08T15:43:44","modified_gmt":"2024-10-08T18:43:44","slug":"aquario-curvo-boyu-ms420-31l-preto-110v","status":"publish","type":"product","link":"https:\/\/w3master.com.br\/modelo06\/product\/aquario-curvo-boyu-ms420-31l-preto-110v\/","title":{"rendered":"Aqu\u00e1rio Curvo Boyu Ms420 31L Preto 110V"},"content":{"rendered":"<p>O Aqu\u00e1rio Curvo Boyu Ms-420 31L Preto \u00e9 um lindo produto moderno e elegante com vidro curvo ideal para peixes e\/ou outros tipos de paisagismo artificial.<\/p>\n<p>Com capacidade de 31 litros, conta com uma bomba submersa de 290l\/W de consumo.<\/p>\n<p>Al\u00e9m disso o aqu\u00e1rio cont\u00e9m leds brancos, azuis e vermelhos de 34Watts totalmente vedado e imperme\u00e1vel e pode ser utilizado com \u00e1gua doce ou \u00e1gua salgada.<\/p>\n","protected":false},"excerpt":{"rendered":"<p>O Aqu\u00e1rio Curvo Boyu Ms-420 31L Preto \u00e9 um lindo produto moderno e elegante com vidro curvo ideal para peixes e\/ou outros tipos de paisagismo artificial. Com capacidade de 31 litros, conta com uma bomba submersa de 290l\/W de consumo. Al\u00e9m disso o aqu\u00e1rio cont\u00e9m leds brancos, azuis e vermelhos de 34Watts totalmente vedado e [&hellip;]<\/p>\n","protected":false},"featured_media":800,"comment_status":"open","ping_status":"closed","template":"","meta":[],"product_cat":[75,72],"product_tag":[],"class_list":{"0":"post-797","1":"product","2":"type-product","3":"status-publish","4":"has-post-thumbnail","6":"product_cat-aquarios","7":"product_cat-peixes","9":"first","10":"instock","11":"shipping-taxable","12":"purchasable","13":"product-type-simple"},"_links":{"self":[{"href":"https:\/\/w3master.com.br\/modelo06\/wp-json\/wp\/v2\/product\/797"}],"collection":[{"href":"https:\/\/w3master.com.br\/modelo06\/wp-json\/wp\/v2\/product"}],"about":[{"href":"https:\/\/w3master.com.br\/modelo06\/wp-json\/wp\/v2\/types\/product"}],"replies":[{"embeddable":true,"href":"https:\/\/w3master.com.br\/modelo06\/wp-json\/wp\/v2\/comments?post=797"}],"wp:featuredmedia":[{"embeddable":true,"href":"https:\/\/w3master.com.br\/modelo06\/wp-json\/wp\/v2\/media\/800"}],"wp:attachment":[{"href":"https:\/\/w3master.com.br\/modelo06\/wp-json\/wp\/v2\/media?parent=797"}],"wp:term":[{"taxonomy":"product_cat","embeddable":true,"href":"https:\/\/w3master.com.br\/modelo06\/wp-json\/wp\/v2\/product_cat?post=797"},{"taxonomy":"product_tag","embeddable":true,"href":"https:\/\/w3master.com.br\/modelo06\/wp-json\/wp\/v2\/product_tag?post=797"}],"curies":[{"name":"wp","href":"https:\/\/api.w.org\/{rel}","templated":true}]}}