{"id":814,"date":"2024-10-08T16:29:40","date_gmt":"2024-10-08T19:29:40","guid":{"rendered":"https:\/\/w3master.com.br\/modelo06\/?post_type=product&#038;p=814"},"modified":"2024-10-08T16:33:02","modified_gmt":"2024-10-08T19:33:02","slug":"gaiola-para-coelho-american-pets-cinza","status":"publish","type":"product","link":"https:\/\/w3master.com.br\/modelo06\/product\/gaiola-para-coelho-american-pets-cinza\/","title":{"rendered":"Gaiola Para Coelho American Pets Cinza"},"content":{"rendered":"<p><strong>Gaiola Para Coelho American Pets\u00a0<\/strong><\/p>\n<p>A Gaiola Coelho American Pets \u00e9 produzida especialmente pensando no\u00a0<strong>conforto e bem estar<\/strong>\u00a0do animalzinho.<\/p>\n<p>Fabricada em a\u00e7o, a gaiola \u00e9 super<strong>\u00a0resistente<\/strong>. Gaiola para coelhos grandes, m\u00e9dios e pequenos.<\/p>\n<p>Al\u00e9m disso o produto conta com uma al\u00e7a que\u00a0<strong>facilita o transporte<\/strong>\u00a0do bichinho.<\/p>\n<p>Com sua bandeja remov\u00edvel a higieniza\u00e7\u00e3o do produto \u00e9 f\u00e1cil e pratica.<\/p>\n<p>Importante lembrar que as cores da grade podem variar e a tonalidade das cores da parte de baixo tamb\u00e9m.<\/p>\n","protected":false},"excerpt":{"rendered":"<p>Gaiola Para Coelho American Pets\u00a0 A Gaiola Coelho American Pets \u00e9 produzida especialmente pensando no\u00a0conforto e bem estar\u00a0do animalzinho. Fabricada em a\u00e7o, a gaiola \u00e9 super\u00a0resistente. Gaiola para coelhos grandes, m\u00e9dios e pequenos. Al\u00e9m disso o produto conta com uma al\u00e7a que\u00a0facilita o transporte\u00a0do bichinho. Com sua bandeja remov\u00edvel a higieniza\u00e7\u00e3o do produto \u00e9 f\u00e1cil [&hellip;]<\/p>\n","protected":false},"featured_media":817,"comment_status":"open","ping_status":"closed","template":"","meta":[],"product_cat":[77,80],"product_tag":[],"class_list":{"0":"post-814","1":"product","2":"type-product","3":"status-publish","4":"has-post-thumbnail","6":"product_cat-coelhos","7":"product_cat-produtos-para-transporte","9":"first","10":"instock","11":"shipping-taxable","12":"purchasable","13":"product-type-simple"},"_links":{"self":[{"href":"https:\/\/w3master.com.br\/modelo06\/wp-json\/wp\/v2\/product\/814"}],"collection":[{"href":"https:\/\/w3master.com.br\/modelo06\/wp-json\/wp\/v2\/product"}],"about":[{"href":"https:\/\/w3master.com.br\/modelo06\/wp-json\/wp\/v2\/types\/product"}],"replies":[{"embeddable":true,"href":"https:\/\/w3master.com.br\/modelo06\/wp-json\/wp\/v2\/comments?post=814"}],"wp:featuredmedia":[{"embeddable":true,"href":"https:\/\/w3master.com.br\/modelo06\/wp-json\/wp\/v2\/media\/817"}],"wp:attachment":[{"href":"https:\/\/w3master.com.br\/modelo06\/wp-json\/wp\/v2\/media?parent=814"}],"wp:term":[{"taxonomy":"product_cat","embeddable":true,"href":"https:\/\/w3master.com.br\/modelo06\/wp-json\/wp\/v2\/product_cat?post=814"},{"taxonomy":"product_tag","embeddable":true,"href":"https:\/\/w3master.com.br\/modelo06\/wp-json\/wp\/v2\/product_tag?post=814"}],"curies":[{"name":"wp","href":"https:\/\/api.w.org\/{rel}","templated":true}]}}