{"id":824,"date":"2024-10-08T17:24:40","date_gmt":"2024-10-08T20:24:40","guid":{"rendered":"https:\/\/w3master.com.br\/modelo06\/?post_type=product&#038;p=824"},"modified":"2024-10-08T17:26:51","modified_gmt":"2024-10-08T20:26:51","slug":"racao-para-porquinho-da-india-nutropica-25kg","status":"publish","type":"product","link":"https:\/\/w3master.com.br\/modelo06\/product\/racao-para-porquinho-da-india-nutropica-25kg\/","title":{"rendered":"Ra\u00e7\u00e3o para Porquinho da \u00cdndia Nutropica &#8211; 2,5kg"},"content":{"rendered":"<p>Ra\u00e7\u00e3o Para Porquinho Da India Nutr\u00f3pica<\/p>\n<p>NuTr\u00f3pica Porquinho da \u00cdndia \u00e9 um alimento Super Premium completo, cientificamente formulado e especialmente desenvolvido para porquinhos da \u00edndia.<\/p>\n<p>Que incorpora as recomenda\u00e7\u00f5es nutricionais das mais recentes pesquisas, atendendo a 100% das necessidades nutricionais do seu porquinho da \u00edndia.<\/p>\n","protected":false},"excerpt":{"rendered":"<p>Ra\u00e7\u00e3o Para Porquinho Da India Nutr\u00f3pica NuTr\u00f3pica Porquinho da \u00cdndia \u00e9 um alimento Super Premium completo, cientificamente formulado e especialmente desenvolvido para porquinhos da \u00edndia. Que incorpora as recomenda\u00e7\u00f5es nutricionais das mais recentes pesquisas, atendendo a 100% das necessidades nutricionais do seu porquinho da \u00edndia.<\/p>\n","protected":false},"featured_media":827,"comment_status":"open","ping_status":"closed","template":"","meta":[],"product_cat":[81,83],"product_tag":[],"class_list":{"0":"post-824","1":"product","2":"type-product","3":"status-publish","4":"has-post-thumbnail","6":"product_cat-outros-pets","7":"product_cat-porquinhos-da-india-e-gerbil","9":"first","10":"instock","11":"shipping-taxable","12":"purchasable","13":"product-type-simple"},"_links":{"self":[{"href":"https:\/\/w3master.com.br\/modelo06\/wp-json\/wp\/v2\/product\/824"}],"collection":[{"href":"https:\/\/w3master.com.br\/modelo06\/wp-json\/wp\/v2\/product"}],"about":[{"href":"https:\/\/w3master.com.br\/modelo06\/wp-json\/wp\/v2\/types\/product"}],"replies":[{"embeddable":true,"href":"https:\/\/w3master.com.br\/modelo06\/wp-json\/wp\/v2\/comments?post=824"}],"wp:featuredmedia":[{"embeddable":true,"href":"https:\/\/w3master.com.br\/modelo06\/wp-json\/wp\/v2\/media\/827"}],"wp:attachment":[{"href":"https:\/\/w3master.com.br\/modelo06\/wp-json\/wp\/v2\/media?parent=824"}],"wp:term":[{"taxonomy":"product_cat","embeddable":true,"href":"https:\/\/w3master.com.br\/modelo06\/wp-json\/wp\/v2\/product_cat?post=824"},{"taxonomy":"product_tag","embeddable":true,"href":"https:\/\/w3master.com.br\/modelo06\/wp-json\/wp\/v2\/product_tag?post=824"}],"curies":[{"name":"wp","href":"https:\/\/api.w.org\/{rel}","templated":true}]}}