{"id":825,"date":"2024-10-08T17:24:40","date_gmt":"2024-10-08T20:24:40","guid":{"rendered":"https:\/\/w3master.com.br\/modelo06\/?post_type=product&#038;p=825"},"modified":"2024-10-08T17:25:33","modified_gmt":"2024-10-08T20:25:33","slug":"racao-nutropica-hamster-natural-300g","status":"publish","type":"product","link":"https:\/\/w3master.com.br\/modelo06\/product\/racao-nutropica-hamster-natural-300g\/","title":{"rendered":"Ra\u00e7\u00e3o Nutr\u00f3pica Hamster Natural &#8211; 300g"},"content":{"rendered":"<p><strong>NuTr\u00f3pica Hamster<\/strong>\u00a0\u00e9 um alimento extrusado completo, cientificamente formulado e especialmente desenvolvido para hamsters e pequenos roedores, cont\u00e9m uma combina\u00e7\u00e3o exclusiva das mais nobres e saborosas mat\u00e9rias-primas n\u00e3o transg\u00eanicas, preparadas sob rigoroso controle de qualidade e utiliza as melhores t\u00e9cnicas em produ\u00e7\u00e3o de alimentos.<\/p>\n<p>S\u00e3o mais de 30 ingredientes diferentes, incluindo alfafa e v\u00e1rios tipos de gr\u00e3os integrais como aveia, trigo, linha\u00e7a e ervilha, que juntos proporcionam os n\u00edveis ideais dos nutrientes necess\u00e1rios para a perfeita sa\u00fade, bem-estar e vitalidade do seu hamster.<\/p>\n","protected":false},"excerpt":{"rendered":"<p>NuTr\u00f3pica Hamster\u00a0\u00e9 um alimento extrusado completo, cientificamente formulado e especialmente desenvolvido para hamsters e pequenos roedores, cont\u00e9m uma combina\u00e7\u00e3o exclusiva das mais nobres e saborosas mat\u00e9rias-primas n\u00e3o transg\u00eanicas, preparadas sob rigoroso controle de qualidade e utiliza as melhores t\u00e9cnicas em produ\u00e7\u00e3o de alimentos. S\u00e3o mais de 30 ingredientes diferentes, incluindo alfafa e v\u00e1rios tipos de [&hellip;]<\/p>\n","protected":false},"featured_media":826,"comment_status":"open","ping_status":"closed","template":"","meta":[],"product_cat":[84,81],"product_tag":[],"class_list":{"0":"post-825","1":"product","2":"type-product","3":"status-publish","4":"has-post-thumbnail","6":"product_cat-hamsters-e-twisters","7":"product_cat-outros-pets","9":"first","10":"instock","11":"shipping-taxable","12":"purchasable","13":"product-type-simple"},"_links":{"self":[{"href":"https:\/\/w3master.com.br\/modelo06\/wp-json\/wp\/v2\/product\/825"}],"collection":[{"href":"https:\/\/w3master.com.br\/modelo06\/wp-json\/wp\/v2\/product"}],"about":[{"href":"https:\/\/w3master.com.br\/modelo06\/wp-json\/wp\/v2\/types\/product"}],"replies":[{"embeddable":true,"href":"https:\/\/w3master.com.br\/modelo06\/wp-json\/wp\/v2\/comments?post=825"}],"wp:featuredmedia":[{"embeddable":true,"href":"https:\/\/w3master.com.br\/modelo06\/wp-json\/wp\/v2\/media\/826"}],"wp:attachment":[{"href":"https:\/\/w3master.com.br\/modelo06\/wp-json\/wp\/v2\/media?parent=825"}],"wp:term":[{"taxonomy":"product_cat","embeddable":true,"href":"https:\/\/w3master.com.br\/modelo06\/wp-json\/wp\/v2\/product_cat?post=825"},{"taxonomy":"product_tag","embeddable":true,"href":"https:\/\/w3master.com.br\/modelo06\/wp-json\/wp\/v2\/product_tag?post=825"}],"curies":[{"name":"wp","href":"https:\/\/api.w.org\/{rel}","templated":true}]}}