{"id":728,"date":"2024-10-17T18:20:21","date_gmt":"2024-10-17T21:20:21","guid":{"rendered":"https:\/\/w3master.com.br\/modelo08\/?post_type=product&#038;p=728"},"modified":"2024-10-17T18:22:34","modified_gmt":"2024-10-17T21:22:34","slug":"tabela-de-basquete-sk100-playgcom-tarmak","status":"publish","type":"product","link":"https:\/\/w3master.com.br\/modelo08\/product\/tabela-de-basquete-sk100-playgcom-tarmak\/","title":{"rendered":"Tabela de Basquete SK100 Playgcom Tarmak"},"content":{"rendered":"<p class=\"technical-title\">Por que motivo a minitabela Set Mini B Tarmak \u00e9 uma tabela perfeita para jogar dentro de portas?<\/p>\n<p class=\"technical-description\">A minitabela Set Mini B da Tarmak foi concebida para jogar dentro de casa. Pode col\u00e1-la (adesivos na parte de tr\u00e1s) ou fix\u00e1-la (2 furos para parafusos ou ganchos) numa porta ou numa parede. O aro pode ser dobrado com uma rede. Inclui uma minibola de pl\u00e1stico de tamanho 1. \u00c9 perfeita para um quarto de crian\u00e7a.<\/p>\n","protected":false},"excerpt":{"rendered":"<p>Por que motivo a minitabela Set Mini B Tarmak \u00e9 uma tabela perfeita para jogar dentro de portas? A minitabela Set Mini B da Tarmak foi concebida para jogar dentro de casa. Pode col\u00e1-la (adesivos na parte de tr\u00e1s) ou fix\u00e1-la (2 furos para parafusos ou ganchos) numa porta ou numa parede. O aro pode [&hellip;]<\/p>\n","protected":false},"featured_media":729,"comment_status":"open","ping_status":"closed","template":"","meta":[],"product_cat":[60,61,66,56,71],"product_tag":[],"class_list":{"0":"post-728","1":"product","2":"type-product","3":"status-publish","4":"has-post-thumbnail","6":"product_cat-acessorios","7":"product_cat-basquete","8":"product_cat-marcas","9":"product_cat-navegue-por-esportes","10":"product_cat-tarmak","12":"first","13":"instock","14":"sale","15":"shipping-taxable","16":"purchasable","17":"product-type-simple"},"_links":{"self":[{"href":"https:\/\/w3master.com.br\/modelo08\/wp-json\/wp\/v2\/product\/728"}],"collection":[{"href":"https:\/\/w3master.com.br\/modelo08\/wp-json\/wp\/v2\/product"}],"about":[{"href":"https:\/\/w3master.com.br\/modelo08\/wp-json\/wp\/v2\/types\/product"}],"replies":[{"embeddable":true,"href":"https:\/\/w3master.com.br\/modelo08\/wp-json\/wp\/v2\/comments?post=728"}],"wp:featuredmedia":[{"embeddable":true,"href":"https:\/\/w3master.com.br\/modelo08\/wp-json\/wp\/v2\/media\/729"}],"wp:attachment":[{"href":"https:\/\/w3master.com.br\/modelo08\/wp-json\/wp\/v2\/media?parent=728"}],"wp:term":[{"taxonomy":"product_cat","embeddable":true,"href":"https:\/\/w3master.com.br\/modelo08\/wp-json\/wp\/v2\/product_cat?post=728"},{"taxonomy":"product_tag","embeddable":true,"href":"https:\/\/w3master.com.br\/modelo08\/wp-json\/wp\/v2\/product_tag?post=728"}],"curies":[{"name":"wp","href":"https:\/\/api.w.org\/{rel}","templated":true}]}}