{"id":770,"date":"2024-10-18T18:19:57","date_gmt":"2024-10-18T21:19:57","guid":{"rendered":"https:\/\/w3master.com.br\/modelo08\/?post_type=product&#038;p=770"},"modified":"2024-10-18T18:21:26","modified_gmt":"2024-10-18T21:21:26","slug":"touca-de-natacao-em-malha-nabaiji","status":"publish","type":"product","link":"https:\/\/w3master.com.br\/modelo08\/product\/touca-de-natacao-em-malha-nabaiji\/","title":{"rendered":"Touca de Nata\u00e7\u00e3o em Malha Nabaiji"},"content":{"rendered":"<div class=\"benefit-item\">\n<div class=\"benefit-content\">\n<div class=\"benefit-item\">\n<div class=\"benefit-content\">\n<div class=\"benefit-item\">\n<div class=\"benefit-content\">\n<div class=\"benefit-item\">\n<div class=\"benefit-content\">\n<div class=\"benefit-item\">\n<div class=\"benefit-content\">\n<div class=\"technical-item\">\n<p class=\"technical-title\">POR QUE USAR UMA TOUCA DE NATA\u00c7\u00c3O?<\/p>\n<p class=\"technical-description\">S\u00e3o dois os fatores em jogo. Usar uma touca ao nadar n\u00e3o apenas demonstra respeito pelo local que est\u00e1s a visitar, mas tamb\u00e9m tem benef\u00edcios pr\u00e1ticos. Ao prender o cabelo, est\u00e1s a ajudar a proteger a qualidade da \u00e1gua e do equipamento, contribuindo para a limpeza da piscina ou da zona da piscina. Al\u00e9m disso, a touca \u00e9 ben\u00e9fica para ti! Ela protege o teu cabelo contra os danos causados pela \u00e1gua, pelo cloro e pelo sal, ajudando a manter a sa\u00fade e a apar\u00eancia do teu cabelo ap\u00f3s o nado<\/p>\n<\/div>\n<\/div>\n<\/div>\n<\/div>\n<\/div>\n<\/div>\n<\/div>\n<\/div>\n<\/div>\n<\/div>\n<\/div>\n","protected":false},"excerpt":{"rendered":"<p>POR QUE USAR UMA TOUCA DE NATA\u00c7\u00c3O? S\u00e3o dois os fatores em jogo. Usar uma touca ao nadar n\u00e3o apenas demonstra respeito pelo local que est\u00e1s a visitar, mas tamb\u00e9m tem benef\u00edcios pr\u00e1ticos. Ao prender o cabelo, est\u00e1s a ajudar a proteger a qualidade da \u00e1gua e do equipamento, contribuindo para a limpeza da piscina [&hellip;]<\/p>\n","protected":false},"featured_media":771,"comment_status":"open","ping_status":"closed","template":"","meta":[],"product_cat":[60,57,66,58,73,63,56],"product_tag":[],"class_list":{"0":"post-770","1":"product","2":"type-product","3":"status-publish","4":"has-post-thumbnail","6":"product_cat-acessorios","7":"product_cat-feminino","8":"product_cat-marcas","9":"product_cat-masculino","10":"product_cat-nabaiji","11":"product_cat-natacao","12":"product_cat-navegue-por-esportes","14":"first","15":"instock","16":"shipping-taxable","17":"purchasable","18":"product-type-simple"},"_links":{"self":[{"href":"https:\/\/w3master.com.br\/modelo08\/wp-json\/wp\/v2\/product\/770"}],"collection":[{"href":"https:\/\/w3master.com.br\/modelo08\/wp-json\/wp\/v2\/product"}],"about":[{"href":"https:\/\/w3master.com.br\/modelo08\/wp-json\/wp\/v2\/types\/product"}],"replies":[{"embeddable":true,"href":"https:\/\/w3master.com.br\/modelo08\/wp-json\/wp\/v2\/comments?post=770"}],"wp:featuredmedia":[{"embeddable":true,"href":"https:\/\/w3master.com.br\/modelo08\/wp-json\/wp\/v2\/media\/771"}],"wp:attachment":[{"href":"https:\/\/w3master.com.br\/modelo08\/wp-json\/wp\/v2\/media?parent=770"}],"wp:term":[{"taxonomy":"product_cat","embeddable":true,"href":"https:\/\/w3master.com.br\/modelo08\/wp-json\/wp\/v2\/product_cat?post=770"},{"taxonomy":"product_tag","embeddable":true,"href":"https:\/\/w3master.com.br\/modelo08\/wp-json\/wp\/v2\/product_tag?post=770"}],"curies":[{"name":"wp","href":"https:\/\/api.w.org\/{rel}","templated":true}]}}