{"id":778,"date":"2024-10-18T18:34:47","date_gmt":"2024-10-18T21:34:47","guid":{"rendered":"https:\/\/w3master.com.br\/modelo08\/?post_type=product&#038;p=778"},"modified":"2024-10-18T18:35:23","modified_gmt":"2024-10-18T21:35:23","slug":"bicicleta-infantil-de-equilibrio-balance-runride-500-btwin","status":"publish","type":"product","link":"https:\/\/w3master.com.br\/modelo08\/product\/bicicleta-infantil-de-equilibrio-balance-runride-500-btwin\/","title":{"rendered":"Bicicleta Infantil de Equilibrio Balance Runride 500 Btwin"},"content":{"rendered":"<div class=\"benefit-item\">\n<div class=\"benefit-content\">\n<div class=\"benefit-item\">\n<div class=\"benefit-content\">\n<div class=\"benefit-item\">\n<div class=\"benefit-content\">\n<div class=\"benefit-item\">\n<div class=\"benefit-content\">\n<div class=\"benefit-item\">\n<div class=\"benefit-content\">\n<div class=\"technical-item\">\n<div class=\"benefit-item\">\n<div class=\"benefit-content\">\n<div class=\"technical-item\">\n<p class=\"technical-title\">Freio<\/p>\n<p class=\"technical-description\">Sistema de Freios: Freio a tambor traseiro. Manetes de Freio: Sistema Stop Easy Btwin.<\/p>\n<\/div>\n<div class=\"technical-item\">\n<p class=\"technical-title\">Rodas<\/p>\n<p class=\"technical-description\">Aro: Aro pl\u00e1stico 12&#8243;. Pneus: EVA s\u00f3lido.<\/p>\n<\/div>\n<div class=\"technical-item\">\n<p class=\"technical-title\">Dire\u00e7\u00e3o<\/p>\n<p class=\"technical-description\">Guid\u00e3o: A\u00e7o carbono. Mesa\/suporte de guid\u00e3o: Mesa injetada em Nylon. Manoplas: Manoplas Nathor<\/p>\n<\/div>\n<div class=\"technical-item\">\n<p class=\"technical-title\">Posi\u00e7\u00e3o<\/p>\n<p class=\"technical-description\">Selim: Selim em PU com regulagem de altura. Canote: Canote em a\u00e7o com acabamento zincado. Blocagem de Selim: Abra\u00e7adeira com parafuso e porca M6.<\/p>\n<\/div>\n<\/div>\n<\/div>\n<\/div>\n<\/div>\n<\/div>\n<\/div>\n<\/div>\n<\/div>\n<\/div>\n<\/div>\n<\/div>\n<\/div>\n<\/div>\n","protected":false},"excerpt":{"rendered":"<p>Freio Sistema de Freios: Freio a tambor traseiro. Manetes de Freio: Sistema Stop Easy Btwin. Rodas Aro: Aro pl\u00e1stico 12&#8243;. Pneus: EVA s\u00f3lido. Dire\u00e7\u00e3o Guid\u00e3o: A\u00e7o carbono. Mesa\/suporte de guid\u00e3o: Mesa injetada em Nylon. Manoplas: Manoplas Nathor Posi\u00e7\u00e3o Selim: Selim em PU com regulagem de altura. Canote: Canote em a\u00e7o com acabamento zincado. Blocagem de [&hellip;]<\/p>\n","protected":false},"featured_media":779,"comment_status":"open","ping_status":"closed","template":"","meta":[],"product_cat":[62,59,70,69,56],"product_tag":[],"class_list":{"0":"post-778","1":"product","2":"type-product","3":"status-publish","4":"has-post-thumbnail","6":"product_cat-ciclismo","7":"product_cat-infantil","8":"product_cat-menina","9":"product_cat-menino","10":"product_cat-navegue-por-esportes","12":"first","13":"instock","14":"shipping-taxable","15":"purchasable","16":"product-type-simple"},"_links":{"self":[{"href":"https:\/\/w3master.com.br\/modelo08\/wp-json\/wp\/v2\/product\/778"}],"collection":[{"href":"https:\/\/w3master.com.br\/modelo08\/wp-json\/wp\/v2\/product"}],"about":[{"href":"https:\/\/w3master.com.br\/modelo08\/wp-json\/wp\/v2\/types\/product"}],"replies":[{"embeddable":true,"href":"https:\/\/w3master.com.br\/modelo08\/wp-json\/wp\/v2\/comments?post=778"}],"wp:featuredmedia":[{"embeddable":true,"href":"https:\/\/w3master.com.br\/modelo08\/wp-json\/wp\/v2\/media\/779"}],"wp:attachment":[{"href":"https:\/\/w3master.com.br\/modelo08\/wp-json\/wp\/v2\/media?parent=778"}],"wp:term":[{"taxonomy":"product_cat","embeddable":true,"href":"https:\/\/w3master.com.br\/modelo08\/wp-json\/wp\/v2\/product_cat?post=778"},{"taxonomy":"product_tag","embeddable":true,"href":"https:\/\/w3master.com.br\/modelo08\/wp-json\/wp\/v2\/product_tag?post=778"}],"curies":[{"name":"wp","href":"https:\/\/api.w.org\/{rel}","templated":true}]}}