{"id":763,"date":"2024-10-15T16:16:32","date_gmt":"2024-10-15T19:16:32","guid":{"rendered":"https:\/\/w3master.com.br\/modelo09\/?post_type=product&#038;p=763"},"modified":"2024-10-15T16:19:22","modified_gmt":"2024-10-15T19:19:22","slug":"conjunto-de-moletom-longo-infantil-super-cool-dude-1-4a-multicor-pool-kids","status":"publish","type":"product","link":"https:\/\/w3master.com.br\/modelo09\/product\/conjunto-de-moletom-longo-infantil-super-cool-dude-1-4a-multicor-pool-kids\/","title":{"rendered":"Conjunto de moletom longo infantil super cool dude 1-4A multicor | Pool Kids"},"content":{"rendered":"<p>A escolha certa para deixar seu menino brincar muito e descobrir o mundinho dele, o\u00a0<strong>Conjunto de moletom longo infantil super cool dude 1-4A multicor | Pool Kids\u00a0<\/strong>\u00e9 confeccionado em algod\u00e3o, possui 1 blusa de manga longa com capuz e 1 cal\u00e7a jogger de c\u00f3s el\u00e1stico. Super confort\u00e1vel e feito em moletom, as pe\u00e7as d\u00e3o aquela seguran\u00e7a e aconchego que ela precisa durante o dia inteiro. Use-as juntas ou separadas. Um charminho!<\/p>\n<p><strong>Caracter\u00edsticas:<\/strong><br \/>\nMarca: Pool Kids<br \/>\nAlgod\u00e3o 100%<br \/>\nManga longa<br \/>\nGola redonda<br \/>\nCapuz<br \/>\nRaglan<br \/>\n1 Bolso frontal canguru<br \/>\nBordado: Super cool dude<br \/>\nCal\u00e7a jogger<br \/>\nC\u00f3s el\u00e1stico<br \/>\nAcabamento em ribana canelada<br \/>\n1 Blusa de moletom<br \/>\n1 Cal\u00e7a jogger<\/p>\n<p>Pr\u00e1ticos e vers\u00e1teis, os\u00a0<strong>conjuntos\u00a0<\/strong>s\u00e3o perfeitos para o dia a dia. Suas pe\u00e7as combinam entre si e quando utilizadas juntas comp\u00f5e um look combinandinho. Mas para aqueles que gostam de ousar existe tamb\u00e9m a possiblidade de utilizar as pe\u00e7as separadas multiplicando assim a variedade de looks.<\/p>\n","protected":false},"excerpt":{"rendered":"<p>A escolha certa para deixar seu menino brincar muito e descobrir o mundinho dele, o\u00a0Conjunto de moletom longo infantil super cool dude 1-4A multicor | Pool Kids\u00a0\u00e9 confeccionado em algod\u00e3o, possui 1 blusa de manga longa com capuz e 1 cal\u00e7a jogger de c\u00f3s el\u00e1stico. Super confort\u00e1vel e feito em moletom, as pe\u00e7as d\u00e3o aquela [&hellip;]<\/p>\n","protected":false},"featured_media":764,"comment_status":"open","ping_status":"closed","template":"","meta":[],"product_cat":[57],"product_tag":[],"class_list":{"0":"post-763","1":"product","2":"type-product","3":"status-publish","4":"has-post-thumbnail","6":"product_cat-moletom","8":"first","9":"instock","10":"shipping-taxable","11":"purchasable","12":"product-type-simple"},"_links":{"self":[{"href":"https:\/\/w3master.com.br\/modelo09\/wp-json\/wp\/v2\/product\/763"}],"collection":[{"href":"https:\/\/w3master.com.br\/modelo09\/wp-json\/wp\/v2\/product"}],"about":[{"href":"https:\/\/w3master.com.br\/modelo09\/wp-json\/wp\/v2\/types\/product"}],"replies":[{"embeddable":true,"href":"https:\/\/w3master.com.br\/modelo09\/wp-json\/wp\/v2\/comments?post=763"}],"wp:featuredmedia":[{"embeddable":true,"href":"https:\/\/w3master.com.br\/modelo09\/wp-json\/wp\/v2\/media\/764"}],"wp:attachment":[{"href":"https:\/\/w3master.com.br\/modelo09\/wp-json\/wp\/v2\/media?parent=763"}],"wp:term":[{"taxonomy":"product_cat","embeddable":true,"href":"https:\/\/w3master.com.br\/modelo09\/wp-json\/wp\/v2\/product_cat?post=763"},{"taxonomy":"product_tag","embeddable":true,"href":"https:\/\/w3master.com.br\/modelo09\/wp-json\/wp\/v2\/product_tag?post=763"}],"curies":[{"name":"wp","href":"https:\/\/api.w.org\/{rel}","templated":true}]}}