{"id":768,"date":"2024-10-15T16:32:31","date_gmt":"2024-10-15T19:32:31","guid":{"rendered":"https:\/\/w3master.com.br\/modelo09\/?post_type=product&#038;p=768"},"modified":"2024-10-15T16:35:09","modified_gmt":"2024-10-15T19:35:09","slug":"bermuda-infantil-ciclista-estampa-bluey-1-6a-azul-bbc","status":"publish","type":"product","link":"https:\/\/w3master.com.br\/modelo09\/product\/bermuda-infantil-ciclista-estampa-bluey-1-6a-azul-bbc\/","title":{"rendered":"Bermuda infantil ciclista estampa Bluey 1-6A azul | BBC"},"content":{"rendered":"<p>Super fofinha e confort\u00e1vel, a\u00a0<strong>Bermuda infantil ciclista estampa Bluey 1-6A azul | BBC\u00a0<\/strong>\u00e9 perfeita para passar de m\u00e3e para filha o amor pelo mundo BBC. Feito de algod\u00e3o e elastano, o short possui c\u00f3s de el\u00e1stico, barra tradicional, modelagem ciclista e seu charme est\u00e1 na estampa de Minnie. Combine com uma camiseta, ela vai amar!<\/p>\n<p><strong>Caracter\u00edsticas:<\/strong><br \/>\nMarca:\u00a0BBC<br \/>\nAlgod\u00e3o 96%; Elastano 4%<br \/>\nCiclista<br \/>\nC\u00f3s de el\u00e1stico<br \/>\nEstampa Bluey<\/p>\n","protected":false},"excerpt":{"rendered":"<p>Super fofinha e confort\u00e1vel, a\u00a0Bermuda infantil ciclista estampa Bluey 1-6A azul | BBC\u00a0\u00e9 perfeita para passar de m\u00e3e para filha o amor pelo mundo BBC. Feito de algod\u00e3o e elastano, o short possui c\u00f3s de el\u00e1stico, barra tradicional, modelagem ciclista e seu charme est\u00e1 na estampa de Minnie. Combine com uma camiseta, ela vai amar! [&hellip;]<\/p>\n","protected":false},"featured_media":769,"comment_status":"open","ping_status":"closed","template":"","meta":[],"product_cat":[58],"product_tag":[],"class_list":{"0":"post-768","1":"product","2":"type-product","3":"status-publish","4":"has-post-thumbnail","6":"product_cat-bermudas","8":"first","9":"instock","10":"shipping-taxable","11":"purchasable","12":"product-type-simple"},"_links":{"self":[{"href":"https:\/\/w3master.com.br\/modelo09\/wp-json\/wp\/v2\/product\/768"}],"collection":[{"href":"https:\/\/w3master.com.br\/modelo09\/wp-json\/wp\/v2\/product"}],"about":[{"href":"https:\/\/w3master.com.br\/modelo09\/wp-json\/wp\/v2\/types\/product"}],"replies":[{"embeddable":true,"href":"https:\/\/w3master.com.br\/modelo09\/wp-json\/wp\/v2\/comments?post=768"}],"wp:featuredmedia":[{"embeddable":true,"href":"https:\/\/w3master.com.br\/modelo09\/wp-json\/wp\/v2\/media\/769"}],"wp:attachment":[{"href":"https:\/\/w3master.com.br\/modelo09\/wp-json\/wp\/v2\/media?parent=768"}],"wp:term":[{"taxonomy":"product_cat","embeddable":true,"href":"https:\/\/w3master.com.br\/modelo09\/wp-json\/wp\/v2\/product_cat?post=768"},{"taxonomy":"product_tag","embeddable":true,"href":"https:\/\/w3master.com.br\/modelo09\/wp-json\/wp\/v2\/product_tag?post=768"}],"curies":[{"name":"wp","href":"https:\/\/api.w.org\/{rel}","templated":true}]}}